r of s and 21250?
170
Let z be 15/(6 - 1) - (-588)/6. Calculate the highest common divisor of 5 and z.
1
Let t = 833022 - 832983. Let p(f) = 14*f - 2. Let m be p(2). What is the greatest common factor of m and t?
13
Suppose 0 = x, -10*p + 5*p - 3*x + 2*x + 14100 = 0. What is the greatest common factor of p and 20?
20
Let y = 7374 + -6060. What is the highest common factor of 342 and y?
18
Suppose 4*t - 5*o - 255 = 0, 237*o + 89 = 2*t + 240*o. Calculate the greatest common factor of 7337 and t.
11
Let n = 527 - 524. Suppose b - 102 = -n*t + 147, 5*b = -5*t + 1195. What is the highest common divisor of b and 26?
26
Let f(u) = -152*u - 2520. Let s be f(-33). Calculate the greatest common factor of s and 78.
78
Let s = -27572 - -28164. Let m = -53 + 90. Calculate the highest common factor of m and s.
37
Suppose 264 - 105 = -3*j. Let u = j + 77. Suppose -29*p + 115 = -u*p. What is the greatest common factor of p and 46?
23
Suppose -14*r + 12375 = -9*r. Let a be r/10*(-24)/(-30). Calculate the greatest common divisor of a and 22.
22
Let m(i) = -14*i**2 + 5*i + 9. Let z be m(-2). Let h = z + 58. Let s be h/(-1*(-2)/50). Calculate the greatest common divisor of 10 and s.
5
Let c be -7 + (-1 - -1 - -4*(-14330)/(-40)). What is the greatest common factor of 161 and c?
23
Let j = -4 - -60. Let t be (3/6 - 1)*((-504)/(-4))/(-9). Calculate the greatest common factor of j and t.
7
Let g = 291 - 102. Suppose 8471*r = 8566*r - 7695. Calculate the greatest common factor of r and g.
27
Let y(j) = j**2 - 83*j - 1372. Let s be y(-15). Suppose 5*l - 1220 = o - 2*o, 4*l - 955 = -5*o. What is the greatest common factor of s and l?
49
Let w be ((-23)/(-69))/(2/126). Suppose -1 = m - 2*d + 9, d - 14 = m. Let j = w + m. Calculate the greatest common divisor of j and 21.
3
Let k be 143/1716 - (-15719)/12. What is the greatest common divisor of k and 2?
2
Suppose -3*h - 2*w = -128, -4*h = -5*h - 2*w + 40. Let p = 6172 + -5622. Calculate the highest common factor of p and h.
22
Let u(h) = 18*h**2 + 35*h - 70. Let o be u(2). What is the greatest common factor of o and 3048?
24
Suppose 4*o - 1035 = -o. Let u be ((-4644)/(-430))/((-3)/280). Let n = u + 1031. Calculate the highest common factor of n and o.
23
Suppose 1277 = 6*k - 835. Let h be 1/2 + 6 + (-27)/(-6). What is the greatest common factor of k and h?
11
Let w = -44 + 42. Let q(o) = -2*o. Let x be q(w). Let a(h) = 34*h - 4. Let j be a(x). What is the greatest common factor of j and 12?
12
Let u(f) = -2*f**2 - 9*f - 25. Let k(s) = -s. Let j(t) = -4*k(t) - u(t). Let i be j(-5). Calculate the greatest common divisor of i and 50.
10
Let l = -91 + 31. Let w be 16/3 + (-40)/l. Suppose -w = 3*z - 27. Calculate the greatest common divisor of z and 7.
7
Suppose c - 48 = -4*t + 80, 0 = 2*t + 6. What is the highest common factor of 455 and c?
35
Suppose -4*p + 5*i + 135 = 0, 4*i + 7 - 11 = 0. Suppose 0 = -p*r + 6394 + 536. Calculate the highest common factor of r and 18.
18
Let f = 10463 + -10375. Calculate the highest common factor of 1012 and f.
44
Let u = 773 - 772. Suppose -2*x + 206 = 4*d, 2*x = 2*d + x - 109. Calculate the greatest common factor of u and d.
1
Suppose 908 = 22*x - 5384. Suppose -4*f + 4*k + 296 = 0, 0 = -2*f + 6*f - 2*k - x. Calculate the greatest common divisor of f and 552.
69
Let s be (-90)/(0 + 3 + -4). Suppose 13*d + 1032 = -8. Let t = s + d. Calculate the highest common divisor of 70 and t.
10
Suppose 5*q - 4*u - 600 = 0, -301 = -3*q + 3*u + 59. Calculate the greatest common divisor of q and 1510.
10
Let f be 5 - (-4 - (-7 + 3)). Suppose -f*p + 12*n = 11*n - 985, 3*p = -5*n + 619. Calculate the highest common factor of p and 18.
18
Let y be 312/(-18)*30/4. Let k = y - -210. Let m(u) = u**3 - 4*u**2 - u - 10. Let b be m(5). Calculate the highest common divisor of k and b.
10
Let f be 30/(-8) - (-530)/(-424). Let v be 4/14 + (-342)/21. Let k = f - v. Calculate the highest common divisor of k and 99.
11
Suppose 25 = 5*u - 5. Let v(q) = -q + 3. Let f be v(u). Let y be f/9 + 1840/12. Calculate the highest common factor of 17 and y.
17
Let x(u) be the first derivative of u**3/3 + 5*u**2 + 41*u + 63. Let v be x(0). Calculate the highest common factor of 369 and v.
41
Suppose -46*s = -41*s - 10. Suppose 260 = 3*g + 2*d, -s*d + 250 = 3*g + 2*d. What is the highest common divisor of 10 and g?
10
Let i(s) = -19*s + 1327. Let q be i(-10). What is the highest common factor of q and 41?
41
Suppose 0 = 8*x - 4*x - 460. Let u = 355 - x. Suppose -5*d - 1993*k = -1997*k - 170, 39*d = 5*k + 1195. Calculate the highest common factor of u and d.
30
Let z(d) = -d**3 + 3*d**2 - 110*d + 478. Let m be z(4). Calculate the greatest common divisor of 649 and m.
11
Let z(a) = a + 110. Suppose -32*t = -33*t - 14. Let k be z(t). Calculate the greatest common divisor of 160 and k.
32
Suppose 1095*h = 265995 + 281505. Let f(x) = 13*x - 3. Let j be f(6). Calculate the highest common factor of j and h.
25
Let g = -2971 + 2977. What is the greatest common factor of g and 1527?
3
Suppose 14 - 6 = 2*f. Suppose 0 = -5*o + 10*g - 9*g + 2110, -f*o = -g - 1687. What is the highest common divisor of 47 and o?
47
Suppose 2*w + w = i, 5*i + 2*w - 68 = 0. Suppose -62*j = -56*j - 264. Suppose j = 4*c + 20. What is the greatest common divisor of c and i?
6
Let b = 9988 + -9895. What is the highest common factor of 1457 and b?
31
Let i = -1 + -6. Let y = i + 15. Suppose -7*x = -8*x, 0 = 2*h - 3*x - 40. Calculate the highest common factor of y and h.
4
Let l = 14 - -2. Suppose 5*q - 4 = -0*q + 3*v, 3*q + 4 = 5*v. Suppose 5*t = -q*s + 56 + 136, 0 = -t + 3*s + 52. What is the highest common divisor of l and t?
8
Let c be (1 - 2) + 2 + -2 - -4. Suppose c*h + 2*h + 4*p = 202, -3*h = 4*p - 118. What is the highest common factor of 42 and h?
42
Let b be ((-4)/5)/(4/(-20)). Suppose 3*c - 20 = 4. Suppose -c*y = -4*y - 32. What is the greatest common divisor of y and b?
4
Let l be (-1)/(-3) + (2 - (-1904)/12). What is the highest common divisor of l and 23?
23
Suppose -15 = -5*i, -5*r + 4*i - 6 = -4*r. Let p(c) = -c**2 + 11*c - 17. Let g be p(r). What is the greatest common factor of 26 and g?
13
Let o be 6*(18 + 400/(-30)). What is the highest common factor of 1491 and o?
7
Suppose 59 - 19 = 10*q. Let w be -8*((-3)/q - (-4)/16). Calculate the highest common factor of w and 112.
4
Suppose -8*v + 42 - 154 = 0. Let n(h) = -h + 4. Let k be n(v). Suppose 0 = -q + 4*q - 6. Calculate the highest common factor of q and k.
2
Suppose -b - 13 - 23 = 0. Let k = b + 43. Let c = 22 - -111. What is the greatest common divisor of k and c?
7
Let d = -9 - -15. Let y(l) = -l**3 - 46*l**2 - 332*l + 40. Let s be y(-37). What is the highest common factor of s and d?
3
Let j = 1949 - 1903. Let k be 20/1 - 27/(-9). Calculate the greatest common factor of j and k.
23
Let w(c) = c + 790. Let s be w(-6). What is the highest common factor of s and 49?
49
Suppose -4*y - 2*s - 100 = -158, -4*y + 59 = s. What is the greatest common factor of y and 177?
3
Let x(k) = -23*k + 7. Let b be x(-13). Suppose -b = -4*f - 2*f. Let g = f - 43. Calculate the highest common factor of g and 1.
1
Suppose -8*r + 10*r - 2381 = 5*j, -2384 = 5*j - 3*r. Let w = j + 774. What is the greatest common factor of 46 and w?
23
Let h be (2 + 3 + 0)*1. Let l be 39 + 10955/(-280) + 322/16. What is the greatest common factor of l and h?
5
Suppose 11*k - 9*k - h + 33 = 0, 0 = 4*h - 12. Let w be -8 + (-3 - k) - -1*2. Calculate the greatest common factor of 27 and w.
3
Suppose 4*f - 2*m = 10 + 8, 0 = -3*f - 2*m + 17. Suppose -172 = -5*y - 4*l - 28, f*y - 138 = 2*l. What is the highest common divisor of 14 and y?
14
Let x be 85/(-30) + 3 - 7/((-462)/1375). What is the highest common factor of 2373 and x?
21
Suppose -5*w + 2*j + 1468 = 0, 7 = 4*j + 3. Let h be (0 - (-14)/8)*12. Calculate the highest common divisor of h and w.
21
Let z be (11 - (-6)/18)/(1 - (-2)/(-6)). Suppose 4*a - 85 = -a. What is the highest common divisor of z and a?
17
Let q = -6 - -30. Let k(x) = -48*x - 2760. Let l be k(-64). What is the greatest common factor of q and l?
24
Let b be 1 + 235 + (-11)/((-88)/(-32)). Suppose -b = -12*k + 488. Let r(c) = 6*c. Let f be r(2). Calculate the greatest common divisor of f and k.
12
Let m(w) = 13*w**3 - 3